n base 10?
7
Convert 29 (base 11) to base 12.
27
Convert -23 (base 9) to base 15.
-16
What is 9 (base 16) in base 6?
13
Convert 51 (base 6) to base 8.
37
-101000011 (base 2) to base 14
-191
Convert 2 (base 11) to base 4.
2
Convert -3 (base 9) to base 5.
-3
What is 0 (base 6) in base 14?
0
-1d (base 15) to base 8
-34
-18 (base 10) to base 3
-200
What is 12a (base 12) in base 8?
262
Convert 2 (base 11) to base 15.
2
Convert a1 (base 13) to base 12.
ab
What is -3 (base 6) in base 3?
-10
1021 (base 4) to base 15
4d
What is 4 (base 6) in base 4?
10
What is -332 (base 7) in base 9?
-208
-7 (base 12) to base 15
-7
What is -e (base 16) in base 13?
-11
What is 311 (base 5) in base 14?
5b
What is -42 (base 9) in base 4?
-212
Convert 3f (base 16) to base 10.
63
Convert -13 (base 13) to base 3.
-121
-5 (base 9) to base 7
-5
What is 124 (base 5) in base 10?
39
Convert -12 (base 4) to base 2.
-110
What is 3 (base 14) in base 12?
3
-5 (base 8) to base 14
-5
What is -2 (base 14) in base 6?
-2
Convert -3 (base 14) to base 3.
-10
22 (base 6) to base 2
1110
Convert -8 (base 9) to base 3.
-22
3 (base 8) to base 14
3
1001 (base 3) to base 10
28
32 (base 6) to base 14
16
Convert -112 (base 5) to base 11.
-2a
What is 1101 (base 2) in base 4?
31
232 (base 9) to base 12
13b
-b (base 13) to base 3
-102
123 (base 8) to base 13
65
What is 47 (base 12) in base 11?
50
Convert -12 (base 15) to base 9.
-18
What is 2a (base 14) in base 10?
38
What is -a (base 15) in base 11?
-a
What is -236 (base 10) in base 2?
-11101100
What is -45 (base 11) in base 10?
-49
What is 1 (base 4) in base 9?
1
-2102 (base 5) to base 6
-1141
2 (base 7) to base 3
2
What is -67 (base 12) in base 7?
-142
Convert 3 (base 5) to base 13.
3
What is -11011111 (base 2) in base 14?
-11d
-11 (base 2) to base 11
-3
What is -9 (base 11) in base 12?
-9
What is -15 (base 12) in base 2?
-10001
What is a4 (base 15) in base 11?
130
Convert 0 (base 2) to base 7.
0
13 (base 5) to base 4
20
2aa (base 11) to base 2
101101010
Convert -39 (base 11) to base 13.
-33
What is -15 (base 15) in base 3?
-202
22 (base 5) to base 11
11
Convert -1000110 (base 2) to base 7.
-130
What is -15 (base 7) in base 4?
-30
-67 (base 9) to base 11
-56
Convert 2 (base 12) to base 5.
2
Convert 49 (base 11) to base 15.
38
Convert -1111001 (base 2) to base 10.
-121
What is -10 (base 4) in base 2?
-100
What is -7 (base 12) in base 10?
-7
Convert 10 (base 6) to base 15.
6
0 (base 3) to base 11
0
-4 (base 10) to base 9
-4
What is 22 (base 7) in base 5?
31
What is 2 (base 7) in base 10?
2
-4 (base 5) to base 10
-4
-3 (base 6) to base 14
-3
Convert -1011 (base 2) to base 5.
-21
Convert 12 (base 8) to base 16.
a
What is 20 (base 15) in base 12?
26
What is 0 (base 10) in base 16?
0
1001 (base 3) to base 11
26
Convert -60 (base 8) to base 13.
-39
3 (base 12) to base 10
3
What is 119 (base 11) in base 13?
ab
Convert -1 (base 15) to base 12.
-1
What is 6 (base 13) in base 16?
6
-44 (base 5) to base 9
-26
What is -9 (base 12) in base 10?
-9
Convert 3 (base 10) to base 14.
3
16 (base 12) to base 6
30
8c (base 16) to base 2
10001100
Convert -11 (base 9) to base 15.
-a
What is 210 (base 5) in base 3?
2001
What is -3 (base 15) in base 9?
-3
Convert 15 (base 15) to base 2.
10100
What is -10 (base 11) in base 16?
-b
Convert -25 (base 9) to base 15.
-18
Convert 100011 (base 2) to base 16.
23
Convert -15 (base 14) to base 16.
-13
-5 (base 16) to base 7
-5
What is 2 (base 3) in base 14?
2
-2201 (base 3) to base 12
-61
What is 11 (base 7) in base 13?
8
What is 156 (base 7) in base 4?
1122
-3 (base 15) to base 4
-3
What is 11221 (base 3) in base 2?
10000101
15 (base 10) to base 8
17
2 (base 7) to base 9
2
What is 10012 (base 3) in base 12?
72
What is -198 (base 13) in base 5?
-2134
18 (base 9) to base 16
11
-3c (base 14) to base 4
-312
What is 212 (base 3) in base 8?
27
Convert 4 (base 8) to base 5.
4
Convert 0 (base 4) to base 7.
0
Convert 4 (base 12) to base 4.
10
What is -11 (base 2) in base 5?
-3
14 (base 7) to base 9
12
What is -3 (base 5) in base 11?
-3
Convert 0 (base 12) to base 2.
0
33 (base 9) to base 16
1e
What is -2 (base 6) in base 3?
-2
-7c (base 15) to base 7
-225
Convert -214 (base 6) to base 12.
-6a
What is 0 (base 2) in base 6?
0
What is -1 (base 12) in base 4?
-1
What is -1211 (base 5) in base 13?
-10c
What is 15 (base 13) in base 16?
12
23 (base 5) to base 9
14
-4 (base 14) to base 8
-4
1b (base 15) to base 16
1a
1 (base 6) to base 13
1
What is -2 (base 10) in base 13?
-2
2b (base 14) to base 16
27
Convert -3 (base 7) to base 5.
-3
What is -10 (base 2) in base 16?
-2
-9 (base 10) to base 11
-9
108 (base 11) to base 14
93
Convert 1 (base 4) to base 5.
1
-1 (base 12) to base 5
-1
Convert 20202 (base 3) to base 2.
10110110
What is 3 (base 7) in base 16?
3
Convert -1 (base 3) to base 2.
-1
What is -111011 (base 2) in base 6?
-135
What is 6 (base 16) in base 9?
6
Convert 1 (base 9) to base 8.
1
-7 (base 9) to base 7
-10
Convert 48 (base 16) to base 7.
132
Convert -16 (base 9) to base 14.
-11
What is -2 (base 3) in base 4?
-2
Convert 7 (base 10) to base 12.
7
Convert -21 (base 5) to base 2.
-1011
What is 102202 (base 3) in base 15?
162
-101110 (base 2) to base 5
-141
Convert 255 (base 6) to base 11.
98
-6f (base 16) to base 12
-93
What is 421 (base 7) in base 9?
254
What is 0 (base 7) in base 9?
0
4 (base 15) to base 11
4
Convert -27 (base 12) to base 6.
-51
-13 (base 5) to base 7
-11
Convert 22 (base 3) to base 14.
8
-1 (base 2) to base 8
-1
Convert 12100 (base 3) to base 5.
1034
-3311 (base 4) to base 8
-365
Convert -25 (base 6) to base 14.
-13
-170 (base 11) to base 7
-402
Convert -99 (base 12) to base 4.
-1311
21 (base 3) to base 16
7
Convert -1 (base 3) to base 4.
-1
What is -12 (base 12) in base 2?
-1110
50 (base 7) to base 16
23
What is -10000101 (base 2) in base 13?
-a3
106 (base 8) to base 2
1000110
What is -3 (base 6) in base 7?
-3
9 (base 16) to base 3
100
-99 (base 11) to base 9
-130
What is 2 (base 9) in base 13?
2
What is 4 (base 13) in base 6?
4
-3 (base 14) to base 7
-3
-110 (base 2) to base 9
-6
3 (base 16) to base 8
3
-a (base 14) to base 2
-1010
What is -84 (base 15) in base 10?
-124
Convert -4b (base 12) to base 9.
-65
Convert 3 (base 10) to base 16.
3
Convert 1 (base 12) to base 11.
1
Convert 1 (base 13) to base 7.
1
What is -1111110 (base 2) in base 9?
-150
11 (base 7) to base 2
1000
-3 (base 9) to base 4
-3
What is 20 (base 12) in base 6?
40
Convert 513 (base 6) to base 2.
10111101
What is 0 (base 8) in base 15?
0
a0 (base 13) to base 2
10000010
What is -1212 (base 3) in base 2?
-110010
Convert 1 (base 8) to base 10.
1
Convert -132 (base 4) to base 13.
-24
What is -1 (base 15) in base 11?
-1
4 (base 7) to base 4
10
-134 (base 6) to base 5
-213
Convert -1111 (base 6) to base 11.
-216
-15 (base 6) to base 16
-b
Convert -1334 (base 6) to base 3.
-110211
Convert 3a (base 16) to base 5.
213
-7 (base 14) to base 10
-7
What is 11 (base 2) in base 13?
3
12 (base 5) to base 16
7
-13 (base 11) to base 10
-14
What is -c (base 15) in base 6?
-20
What is -12 (base 10) in base 3?
-110
Convert -6 (base 14) to base 6.
-10
What is -11 (base 14) in base 16?
-f
Convert -2 (base 6) to base 12.
-2
Convert 201 (base 3) to base 7.
25
What is -2111 (base 3) in base 6?
-151
40 (base 8) to base 2
100000
-32 (base 7) to base 2
-10111
What is 76 (base 15) in base 12?
93
1 (base 15) to base 14
1
What is -35 (base 6) in base 10?
-23
-2 (base 9) to base 14
-2
Convert 32 (base 6) to base 12.
18
What is -8a (base 12) in base 15?
-71
What is -21 (base 8) in base 11?
-16
Convert -34 (base 6) to base 4.
-112
Convert -101100 (base 2) to base 15.
-2e
Convert 2a (base 13) to base 3.
1100
Convert 241 (base 9) to base 7.
403
-8 (base 12) to base 6
-12
-2 (base 16) to base 7
-2
What is -10 (base 3) in base 9?
-3
Convert -6 (base 9) to base 12.
-6
139 (base 10) to base 16
8b
Convert -2 (base 15) to base 12.
-2
What is 7 (base 14) in base 10?
7
What is 3 (base 6) in base 4?
3
-1 (base 6) to base 14
-1
-1a (base 11) to base 2
-10101
4 (base 10) to base 16
4
-7 (base 13) to base 9
-7
What is -11 (base 6) in base 16?
-7
1 (base 12) to base 5
1
Convert 30 (base 5) to base 10.
15
Convert -1010 (base 4) to base 9.
-75
What is -39 (base 12) in base 2?
-101101
What is -1 (base